 -3*s + y = -43. What are the prime factors of s?
19
Let f(u) = 3*u + 0 - u**2 - 7 - 5*u + 3. Let v be f(-3). Let l = 14 + v. List the prime factors of l.
7
Suppose -21*f = -16*f + 5. List the prime factors of (2/(-3))/(f/12).
2
Let z = -32 + 75. What are the prime factors of z?
43
Let p(z) = -3 + 7 - 1 + z**2 + z. Let h be p(0). Suppose 3 = -3*o + 4*w, -2*o + h*o = w. List the prime factors of o.
3
Let p = 1 + 1. Suppose -w + p + 0 = 0. List the prime factors of w.
2
Suppose 3*x - x - 56 = -2*q, 0 = -3*q - 5*x + 84. Suppose 0*b = 2*b - q. List the prime factors of b.
2, 7
Let i = -21 + 241. List the prime factors of i.
2, 5, 11
Suppose -2*f = 1 - 7. What are the prime factors of f?
3
Let f(g) = 3*g**2 - g. Let a be f(1). Suppose 0 = -3*h - a + 11. List the prime factors of h/3 - (-1 - 0).
2
Let g be (-2604)/(-10) + 2/(-5). What are the prime factors of g/8 + (-2)/(-4)?
3, 11
Let l(q) = -q**3 + 5*q**2 + 5. Suppose -38 + 13 = -5*u. What are the prime factors of l(u)?
5
Let t be ((-12)/8)/(2/(-4)). Let h be (-21)/(-6) - t/(-2). Suppose 0 = 3*k + 4*o - 12, 5*k - h*o - 55 = -0*k. What are the prime factors of k?
2
Let a = 247 - 162. Let d = -43 + a. What are the prime factors of d?
2, 3, 7
Let y be (-5 + -1)*(-2)/3. Suppose -4*z + 4*n + 8 = 0, 7*z = y*z + 5*n + 2. Suppose -k + 50 = z*k. What are the prime factors of k?
2, 5
Suppose 3*z - 7*c = -2*c + 261, 0 = 3*c. List the prime factors of z.
3, 29
Suppose -26 = -3*b + 5*q - 0, q = -2*b. Suppose 13 = -b*m + 43. What are the prime factors of m?
3, 5
Suppose 0*m + 3*m = -30. List the prime factors of 394/8 + m/40.
7
Suppose -4*t - h + 52 = 0, 4*t = -t + 4*h + 44. Suppose 4*m - t - 12 = 0. What are the prime factors of m?
2, 3
Let q(y) = -y**2 + 14*y - 4. Let x be q(10). Let o = -15 + x. List the prime factors of o.
3, 7
Let c = 11 - 12. Let v(i) = -3*i + 1. List the prime factors of v(c).
2
Let n(q) = q**3 + q**2 - 4*q - 6. Let r be n(5). Suppose 0 = -4*i + 2*l + 3*l + r, -2*i + l + 56 = 0. List the prime factors of i.
2, 13
Suppose 0 = -3*x + 3*s + 39, -2*x + 3*s = -43 + 12. Suppose -5*q + 2 = -q - 5*p, 5*p - 10 = 0. Suppose q*k - x + 2 = 0. List the prime factors of k.
2
Suppose 5*z + w = 2*w + 932, -3*w = 3*z - 552. What are the prime factors of z?
2, 3, 31
What are the prime factors of (-16 + 3)/((-3)/3)?
13
Suppose -6*n = -8*n + 4. Suppose -n*u + 4*s = -u - 5, s = 0. List the prime factors of u.
5
List the prime factors of 315/(-9)*(-1 + 0).
5, 7
Let d = 7 - 1. List the prime factors of d.
2, 3
Let d(v) = v - 5. Let s be d(7). Let i(z) = 2*z + 2. Let h be i(-2). List the prime factors of ((-1)/s)/(h/20).
5
Suppose 23*u - 1 = 22*u. Let x = 7 + u. What are the prime factors of x?
2
Suppose -8 + 0 = -2*s. Suppose -5*o = 4*r - 28 - 34, -s*o = r - 21. What are the prime factors of r?
13
Let r(f) = 2*f**2 + 8*f + 7. Let v be r(-5). Suppose -2*z + v = -11. List the prime factors of z.
2, 7
Suppose -5*u = -0*u - 15. Suppose -28 = -4*o + 104. Suppose -4*s = 2*j + s - u, -s = 4*j - o. What are the prime factors of j?
3
Let c(o) = -o**2 - 2*o - 2. Let z = 2 - 4. Let n be c(z). What are the prime factors of -1 - n - 6/(-2)?
2
Let n(f) = 3*f**3 - 2*f**2 - 1. Let u be n(-2). What are the prime factors of 4/8 - u/6?
2, 3
Let h = 1 + -3. What are the prime factors of (8/3)/(h/(-9))?
2, 3
Suppose 17 = -4*d + 4*u - 51, 4*u = -d - 42. Let j = -38 - d. Let b = j + 27. List the prime factors of b.
11
Let o(v) = 4*v - 9. List the prime factors of o(7).
19
Let u be 6/4 - (-2)/(-4). Let j be (-2)/u*1/2. List the prime factors of (-2)/j*(3 + 1).
2
Suppose -3*f + 0*f - 2*n - 23 = 0, 0 = -4*f + 2*n - 12. Let v = -3 - f. Let j = v - -1. List the prime factors of j.
3
Let f(p) = 35*p + 2. What are the prime factors of f(1)?
37
Let l = 140 + -55. List the prime factors of l.
5, 17
Let i = -3 + 3. Suppose 0 = 2*h + j - 11, 2*h - 4*j - 9 - 7 = 0. Suppose i = -3*n - 0 + h. List the prime factors of n.
2
Let p be 0*(2 - 9/6). List the prime factors of 0 + (1 - p) + 1.
2
Suppose -b + 4*m - 22 = -3*b, 0 = -5*b - 3*m + 69. Suppose 0 = 3*q - b, -2*q = -2*g - 0*q + 32. List the prime factors of g.
3, 7
Let d(g) be the first derivative of g**2/2 - 4*g - 4. Let u be d(7). Suppose -5*i + u*l + 65 = 0, 0*i - 5*i + 5*l = -55. What are the prime factors of i?
2
Suppose h = -2*y + 329, h + 821 = 5*y + 5*h. What are the prime factors of y?
3, 5, 11
Suppose 10*s - 6*s = 360. What are the prime factors of s?
2, 3, 5
Let s(d) = -12*d - 10. List the prime factors of s(-5).
2, 5
Let i be (7/(-2))/((-10)/(-60)). Let p = i + 29. List the prime factors of p.
2
Let r(k) = 3*k - 6. Let s(n) = 15*n - 29. Let m(h) = 11*r(h) - 2*s(h). List the prime factors of m(6).
2, 5
Let d = 47 - -11. List the prime factors of d.
2, 29
What are the prime factors of (-2)/4*(-5 + -21)?
13
Let p(q) = -q**2 - 11*q - 2. Let g(b) = -5*b - 1. Let x(y) = 5*g(y) - 2*p(y). What are the prime factors of x(-2)?
13
Suppose -2*i + j + 286 = -0*j, 4*j = -4*i + 596. What are the prime factors of i?
5, 29
Let f = 233 - 46. List the prime factors of f.
11, 17
Let y = 167 + -86. List the prime factors of y.
3
What are the prime factors of (-1291)/(-6) + (-3)/18?
5, 43
Let u(w) = w. Let m be u(-7). Let h(r) = 6 - 2*r + 2*r - r. List the prime factors of h(m).
13
Let v = 13 - 5. Suppose -v*h + 3*h = -k + 29, 3*k - 65 = 4*h. What are the prime factors of k?
19
Suppose 0 = -4*t + 5*k + 88, t + 0*t + 3*k - 22 = 0. Suppose -3*m - t = -m. Let x = -4 - m. What are the prime factors of x?
7
Let x = 5 + -2. Suppose 5*q - 17 = x. Suppose -q*r + 3*z + 6 = 0, 3*r = 7*r + 2*z - 16. What are the prime factors of r?
3
Let g(d) = 10*d - 5. Let j = -4 - -7. What are the prime factors of g(j)?
5
Let n(z) = 2*z**3 - z**2 + z. Let x be n(2). Suppose 4*k - 5*h - x = 0, 5*h - 22 = -5*k + 3*k. List the prime factors of k.
2, 3
Let v = 42 + -19. What are the prime factors of v?
23
Suppose 4*g + 3*z - 490 = -0*z, -4*z - 628 = -5*g. List the prime factors of g.
2, 31
Let a(i) = -2*i**3 - i**2 - i + 2. Let l be a(-2). Suppose -5*g + 4*h + l = h, -4*h = 3*g - 27. Suppose -25 - g = -5*n. List the prime factors of n.
2, 3
Suppose -5*s - 3*m + 3 = 4, m + 7 = 5*s. List the prime factors of 2*(8 - (-2 - s)).
2, 11
Suppose -1 = -3*b + 5. Suppose -b*f + 1 = -3, 12 = k + 2*f. Let q(r) = r**2 - 9*r + 11. What are the prime factors of q(k)?
3
Let k(t) = t + 7. Let p be k(-8). Let g be (1/2)/p*-38. Suppose -g = -d + m - 4*m, 5*d - 5*m - 55 = 0. What are the prime factors of d?
13
Let h(p) = p**2 - 3*p + 4. Let k be h(4). Let r = 15 - k. List the prime factors of r.
7
Let r(u) = u. Let z be r(0). Suppose z = -3*t + 36 + 39. What are the prime factors of t?
5
Let k(q) = -q + 3. Let h be k(11). Let y = h + 13. List the prime factors of y.
5
Suppose 2*g = 3*g + 4*f + 6, -5*g = 5*f - 15. List the prime factors of (-3)/(-18) - (-125)/g.
3, 7
Suppose -4*p = -3*p + 5*y - 48, -p - y = -40. What are the prime factors of p?
2, 19
Let p(s) = s**3 + 11*s**2 - s - 5. What are the prime factors of p(-11)?
2, 3
Let f be (6 - 3)/(2/34). Let s = -25 + f. Let j = s - 14. List the prime factors of j.
2, 3
Let c(q) = q**2 - q. Let t be (-1 - 2)/((-6)/2). Let b be 1 - (t + 1*-2). What are the prime factors of c(b)?
2
Suppose -20 = -g - 12. List the prime factors of g.
2
Suppose 2*f = 3*u - 7*u - 70, 4*u - f + 61 = 0. List the prime factors of (-708)/u + 2/(-8).
2, 11
Suppose -5*s - 3*v = -205, 2*s + 2*v - 51 = 7*v. Let a be s/14 - (-4)/14. Suppose -18 + 0 = -a*c. What are the prime factors of c?
2, 3
Suppose 6*h - 3*h - 3 = 0. Let b be (-2)/(-6 + 0)*-3. Let d = h - b. List the prime factors of d.
2
Suppose 0 = -5*f - 10*p + 5*p + 105, -145 = -5*f + 5*p. List the prime factors of (-157)/(-5) - 10/f.
31
Let t = 46 + -25. Suppose 4*v = 12, -2*q - t = -2*v - v. List the prime factors of ((-30)/(-8))/(q/(-16)).
2, 5
Let z(r) = 2 + 10*r**2 - 3 + 21*r**2. Let l be z(-1). List the prime factors of (4/(-10))/((-6)/l).
2
Suppose a = -4*w - 9, 0*w = 4*w - a - 1. Let u(s) = 26*s**3 + 1. Let n be u(w). Let b = -18 - n. What are the prime factors of b?
7
Suppose 0 = -4*y + 77 - 29. Let t be 2/((3/6)/1). Suppose a + y = t*a. What are the prime factors of a?
2
Let i(p) = 3*p - 18. List the prime factors of i(9).
3
Let m(v) = 10*v + 14. What are the prime f